ed by 2/((35/(-30))/(-2 - 5))?
8
Suppose 0*o + 5*o - 1905 = 0. Suppose 0 = w - u - 15, 3*u - 1 + 30 = 2*w. What is the remainder when o is divided by w?
13
Suppose 22 + 20 = 3*t. Suppose 5*d + 4*u - 189 = 0, 7*d - 6*d - 4*u - 57 = 0. Calculate the remainder when d is divided by t.
13
Let y = -305 - -508. What is the remainder when y is divided by 6?
5
Suppose 0 = 2*h + 10, -6*h - 131 = -3*k - 2*h. Calculate the remainder when 3/(-1) - ((-663 - 0) + -3) is divided by k.
34
Let a(h) = 7*h**3 + 2*h**2 + 6*h - 11. Let d be a(-4). Let f = -430 - d. Let c(s) = s - 4. What is the remainder when f is divided by c(8)?
1
Suppose 21371 - 6395 = 96*x. What is the remainder when 3894 is divided by x?
150
Let q(b) = -b**3 + 31*b**2 - 96*b + 34. Calculate the remainder when q(25) is divided by 66.
64
Let u = 65 + -65. Suppose d = -u*d + 108. Let j = -76 + d. Calculate the remainder when 127 is divided by j.
31
Let w be -25*(-2)/(-10)*(-21 + 26). Suppose -3*s - 2*s = -485. Calculate the remainder when s is divided by 5/((-130)/w - 5).
22
Calculate the remainder when 27202/201 + 2/3 is divided by 125.
11
Suppose -14*c - 1452 = -2026. Calculate the remainder when 91 is divided by c.
9
Let f(g) = -g - 9. Let o be f(-12). Let t = o + 162. Suppose -2*m + t = 9*m. What is the remainder when 29 is divided by m?
14
Let v = 80 - 78. Suppose v*a + 8 = 4*r, 3*a + 0 = -5*r + 10. Suppose -r*u - 53 = g - 342, -3*g - 309 = -2*u. What is the remainder when u is divided by 15?
12
Let l = 14853 + -14028. Calculate the remainder when l is divided by 313.
199
Suppose y = 3, -2*o = -o - 4*y + 195. Let s be (34/102)/(2/(-732)). Let n = s - o. What is the remainder when n is divided by 32?
29
Let j = 180 - 40. Let p be 1/((-87)/12 - -7). What is the remainder when j is divided by (81 - 9)/((-6)/p)?
44
Let b = -24079 + 24080. Calculate the remainder when 668 is divided by b.
0
Suppose -252*t + 16529 = -15223. What is the remainder when 406 is divided by t?
28
Let k(p) be the second derivative of 71*p**3/6 - 14*p**2 - 4*p + 4. What is the remainder when k(2) is divided by 23?
22
Suppose 2*y = -5*t + 1942, 2*t - 410 = -y + 366. Suppose 2*f - 56 = -5*s, -4*f + 2*s + 26 + 86 = 0. Calculate the remainder when t is divided by f.
26
Let z = 79 + 25. Suppose 2*t + 3*k = 99, 0*t = 2*t + 4*k - z. Calculate the remainder when t is divided by 12.
6
Suppose -34*z + 110 = -24*z. What is the remainder when 50/175 - 248/(-14) is divided by z?
7
Suppose 5*p = -4*y - 728, -3*p = -y - 89 - 76. Let o = -127 - y. What is the remainder when 947 is divided by o?
47
Let c = -27249 - -27905. What is the remainder when c is divided by 200?
56
Suppose 11497*n - 1428 = 11491*n. What is the remainder when 2613 is divided by n?
233
Suppose 17*f = -14*f - 10*f + 6191. What is the remainder when f is divided by 137?
14
Let d(b) = 8*b - 334. Let h be ((-64)/6)/(12/(-18)). Suppose -15*l = -h*l + 15. What is the remainder when d(49) is divided by l?
13
Let m = -1056 + 1069. Calculate the remainder when 1962 is divided by m.
12
Let g = 4381 + -4177. What is the remainder when g is divided by 10?
4
Let u(i) be the third derivative of i**5/30 + 5*i**4/12 + 2*i**3 + 24*i**2 - 1. Suppose b - 6*b = -65. Calculate the remainder when u(-6) is divided by b.
11
Suppose -7 = 2*d - 4*r - 1, 4*d - 5*r = 3. Suppose 75 = d*j - 198. Calculate the remainder when 115 is divided by j.
37
Let g(u) = 2*u**2 - 8*u - 4. Let i be g(5). Suppose i*a = -4*a + 470. Suppose h - m - 9 = -2, 5*h - 2*m - a = 0. What is the remainder when 74 is divided by h?
8
Let b = -4053 + 10399. Calculate the remainder when b is divided by 92.
90
What is the remainder when (72495/(-270))/((-3)/8) is divided by 145?
136
Let b(w) = -w**3 + 9*w**2 - 17*w + 153. Calculate the remainder when 422 is divided by b(7).
26
Let w = 101 - 224. Calculate the remainder when 1/(-2) + 1 - w/6 is divided by 11.
10
Suppose -5*o = 20, -4*t + 2900 = -8*t + o. Let c = t + 1093. What is the remainder when c is divided by 37?
34
Let c(s) = -314*s - 380. Calculate the remainder when c(-7) is divided by 130.
128
Suppose -3*s = -3*j - 432, -101*s + 99*s - 2*j + 312 = 0. Calculate the remainder when 1192 is divided by s.
142
Suppose 29 = 5*q + 3*n + 20, -2*n = -q - 6. Suppose 4*z - o - 692 = q, 3*z - 340 = z + 2*o. What is the remainder when z is divided by 88?
86
Calculate the remainder when 1451 is divided by (7*(-24)/(-112))/((-27)/(-396)).
21
Suppose -25*f = -6*f + 399. Suppose -20 - 14 = -2*v. What is the remainder when (21/f)/(1/(-29)) is divided by v?
12
Suppose -59*d + 10638 = 1965. Calculate the remainder when 590 is divided by d.
2
What is the remainder when 2007 is divided by (749/(-214))/((-2)/28)?
47
Let n(b) = 8*b**2 + 64*b - 88. What is the remainder when 1147 is divided by n(2)?
67
Let z be (-7)/21*-34 + 2/(-6). Suppose -c - 270 = -z*c. What is the remainder when (-6)/(-4) + (-1902)/(-12) is divided by c?
25
Suppose -169 + 52 = -13*p. Let o = p + 2. Let c(z) = -3*z**3 - z + 3. What is the remainder when c(-2) is divided by o?
7
Let k(d) = -162*d - 1104. What is the remainder when 627 is divided by k(-7)?
27
Calculate the remainder when (-1)/2 + 219/2 is divided by (6/2 + (-153)/34)/(15/(-200)).
9
Suppose -2*c + 998 = o, -5*o - 1523 = -2*c - c. What is the remainder when c is divided by (-38 + 65)*42/18?
60
Let g be 74/(-14) - (-4)/14. Let i(l) be the first derivative of -8*l**2 - 29*l - 1282. What is the remainder when i(g) is divided by 9?
6
Let y(n) = -2*n**3 - 30*n**2 - 127*n - 26. What is the remainder when 2824 is divided by y(-11)?
3
Suppose 3*v = -2*v + 30. Let f = -309 + 415. Suppose -4*l = -v*l + f. Calculate the remainder when l is divided by 8.
5
Let s(n) = n**3 - 6*n**2 - 65*n + 517. Calculate the remainder when 227 is divided by s(9).
52
Let r(h) = 14*h - 14. Let q be r(6). Calculate the remainder when 23 is divided by -7 - (-920)/q - (-1)/(-7).
5
Suppose 0 = -27*d - 17200 + 25030. What is the remainder when 12179 is divided by d?
289
Suppose -5*f = -19 + 4. Suppose 3*o - f*a = o - 9, a = -4*o + 3. Suppose -2*t + 3*q = 9, -2*q + o*q = 4*t - 22. Calculate the remainder when 7 is divided by t.
1
Let v = -12063 + 12090. Calculate the remainder when 10529 is divided by v.
26
Let z = -16806 - -17302. Calculate the remainder when z is divided by 99.
1
Suppose f + 4*s - 17 + 4 = 0, 0 = -2*s + 4. Let u(x) = -11*x - 1 + f + 5 - 4*x**2 + x**3 + 2*x. What is the remainder when u(7) is divided by 12?
9
Suppose 71*f - 2315 = -1248 + 2199. Let n = 0 - -12. What is the remainder when f is divided by n?
10
Let t = -6358 - -6815. Calculate the remainder when t is divided by 46.
43
Suppose -566*f = -522*f - 352. Calculate the remainder when 3102 is divided by f.
6
Let g = -5 + 11. Suppose 0*z = -z + a - 8, 4*a = -20. Calculate the remainder when 2 + 0 + (-2 - z) is divided by g.
1
Let f(r) = 57*r - 20. Suppose 420*p - 410*p = 20. What is the remainder when f(p) is divided by 24?
22
Let h = 18529 - 15648. Calculate the remainder when h is divided by 74.
69
Suppose -6*c - 3569 = -4025. Calculate the remainder when 695 is divided by c.
11
Let a(b) = 6*b**2 - 2*b - 7. Let d be a(-3). Let n = d - 35. Suppose 2*h - n = h. Calculate the remainder when 33 is divided by h.
15
Suppose 721 + 2029 = 10*w. What is the remainder when 840 is divided by w?
15
Suppose 5*c - 29 = 4*y, -12*y + 22 = 4*c - 14*y. Suppose -c*i + 15 = -5*n, 2*i = -i - 2*n + 19. What is the remainder when 37 is divided by i?
2
Suppose -4*c - 5 = -17, 0 = 4*p - 4*c - 28. Calculate the remainder when 1409 is divided by p.
9
Let s(j) = -j**3 - 52*j**2 - 150*j - 2600. What is the remainder when s(-51) is divided by 1221?
7
Let q = -264 - -383. Suppose 2*v + 5*l = q, 0 = -l - 2 + 3. Calculate the remainder when v is divided by 20.
17
Suppose -18 = -3*g, 0 = 2*z + 18*g - 15*g - 222. Calculate the remainder when 6220 is divided by z.
100
Suppose -24 = 18*d - 26*d. Calculate the remainder when (-302)/(-6) + 2/(-6) - d is divided by 12.
11
Calculate the remainder when 612 is divided by 572/(-33) + 17 - (-14)/6.
0
Suppose -5*x + 135 + 90 = 0. What is the remainder when (2 - 2 - 0 - 7)/(1/(-19)) is divided by x?
43
Let b(k) = -k**3 - 17*k**2 - 2*k - 236. What is the remainder when 309 is divided by b(-18)?
61
Calculate the r